= -x**2 - 623*x - 40297. Determine k(-73).
-147
Let x(w) = -w**3 + 8*w**2 + 225*w - 316. Determine x(19).
-12
Let p(k) = 6093*k - 15195947. Determine p(2494).
-5
Let l(z) = -9*z**2 + z + 64. Calculate l(4).
-76
Let w(c) = 120091*c + 120253. Calculate w(-1).
162
Let o(r) = r**3 + 197*r**2 + 74*r + 14440. Determine o(-197).
-138
Let i(k) = k**3 + 7*k**2 - 69*k + 749. Give i(8).
1157
Let u(q) = -q**2 - 36422*q - 2036486. What is u(-56)?
10
Let r(b) = -17*b - 2467. What is r(-131)?
-240
Let z(y) = y**2 + 2009*y + 46008. What is z(-23)?
330
Let t(l) = -17*l + 618. Calculate t(37).
-11
Let v(m) = -3*m**3 - 32*m**2 + 1286*m + 2694. Calculate v(-2).
18
Let l(r) = 938*r + 76000. What is l(-80)?
960
Let q(o) = -445*o + 8450. Give q(19).
-5
Let i(m) = m**2 + 187*m - 9345. What is i(41)?
3
Let s(b) = 370*b + 2215. Determine s(-6).
-5
Let q(a) = 21817*a**2 + 3425268*a - 162. Determine q(-157).
-5
Let n(s) = -2*s**3 - 223*s**2 + 2328*s + 8. Give n(10).
-1012
Let k(h) = h**3 - 125*h**2 - 298*h + 66991. Give k(123).
79
Let d(c) = 2041*c - 50667. Determine d(25).
358
Let j(t) = -6*t**3 + 181*t**2 - 191*t - 349. Determine j(29).
-1
Let n(g) = -337582*g + 2700654. Calculate n(8).
-2
Let c(r) = -2956*r - 342875. What is c(-116)?
21
Let h(p) = -p**2 + 4908*p - 2301041. What is h(525)?
34
Let p(t) = -t**3 - 4*t**2 - 238866*t - 955444. Give p(-4).
20
Let b(m) = 174419*m + 27. Determine b(0).
27
Let h(c) = -c**3 - 28*c**2 + 174*c + 1469. What is h(-32)?
-3
Let k(l) = -1291*l + 11583. What is k(9)?
-36
Let u(m) = -2*m - 328. What is u(-31)?
-266
Let m(z) = -z**2 - 320*z - 10181. Calculate m(-37).
290
Let o(g) = -118*g**3 - 180*g**2 + 113*g - 5. Calculate o(-2).
-7
Let h(i) = i**3 - 7*i**2 - 1132*i + 14395. Determine h(14).
-81
Let f(n) = 540*n - 52907. Give f(98).
13
Let f(i) = -2858*i + 25694. What is f(9)?
-28
Let a(l) = 3748*l + 55754. Determine a(-15).
-466
Let r(d) = d**3 - 15*d**2 - 54*d - 2089. Determine r(22).
111
Let v(h) = -h**3 - 81*h**2 - 307*h - 194. Determine v(-77).
-271
Let o(q) = 57*q**2 + 995*q - 527. Calculate o(-18).
31
Let k(r) = 9*r + 838. What is k(-28)?
586
Let d(t) = 281*t - 24989. What is d(89)?
20
Let r(j) = -2*j**3 + 84*j**2 + 62*j - 153. Determine r(42).
2451
Let u(n) = -n**2 + 1332*n + 4007. What is u(-3)?
2
Let k(a) = 3*a + 154. Calculate k(-49).
7
Let a(d) = -d**3 + 39*d**2 - 179*d + 120. What is a(17)?
3435
Let o(l) = -2*l**2 - 209*l + 2579. Calculate o(11).
38
Let b(d) = 2089*d - 501298. Calculate b(240).
62
Let s(x) = 2*x**3 - 212*x**2 + 32*x - 3396. What is s(106)?
-4
Let x(f) = -5128*f + 61596. Give x(12).
60
Let n(s) = 506*s + 2536. What is n(-6)?
-500
Let g(d) = -d**3 + 2*d**2 + 112*d - 22. What is g(0)?
-22
Let a(p) = 36*p**3 - 23*p**2 - 26*p + 54. Calculate a(2).
198
Let g(f) = 10*f**2 + 4453*f + 143608. Calculate g(-35).
3
Let d(a) = -23*a**2 - 2111*a + 4295. Give d(2).
-19
Let i(x) = -x**2 + 7331*x - 2028389. Calculate i(288).
-5
Let u(j) = -45742*j - 182981. Calculate u(-4).
-13
Let l(a) = -5206*a - 41657. Give l(-8).
-9
Let z(i) = i**2 + 8002*i - 120262. Determine z(15).
-7
Let t(s) = -123*s**3 + 10455*s**2 + 2*s - 248. Calculate t(85).
-78
Let q(a) = -300873*a - 11433154. Calculate q(-38).
20
Let v(d) = 2*d**3 + 175*d**2 + 2671*d - 2548. What is v(-21)?
14
Let n(g) = -59236*g - 2665612. Give n(-45).
8
Let f(k) = -4537*k - 49884. Give f(-11).
23
Let n(u) = -209*u**2 + 567*u + 576. Give n(-1).
-200
Let o(p) = 472*p + 499. Calculate o(2).
1443
Let k(g) = -11*g**3 - 3*g**2 - 3710*g - 3706. Calculate k(-1).
12
Let t(s) = -3221*s + 15181. What is t(4)?
2297
Let g(w) = w**3 - 76*w**2 - 1171*w - 532. Determine g(89).
-1778
Let g(p) = -p**3 + 67*p**2 - 1047*p + 1530. What is g(44)?
-10
Let j(t) = 2*t**2 - 345*t + 12804. What is j(54)?
6
Let n(u) = 206*u**3 + 25*u**2 - 13*u. Give n(-1).
-168
Let n(g) = 216*g**2 - 249*g + 17. Calculate n(1).
-16
Let z(s) = 2*s**3 + 995*s**2 + 7349*s - 500. Calculate z(-490).
-10
Let l(o) = -o**3 - 30*o**2 - 27*o - 338. Calculate l(-24).
-3146
Let g(m) = -8767*m - 797787. What is g(-91)?
10
Let l(o) = o**3 - 136*o**2 - 319*o + 24936. Give l(137).
2
Let k(c) = c**3 - 16*c**2 - 367*c + 741. Determine k(27).
-1149
Let f(x) = -24*x**2 - 761*x - 28. Give f(-32).
-252
Let f(o) = 50976*o - 28. Determine f(0).
-28
Let o(v) = 393*v + 16607. Determine o(-42).
101
Let t(a) = -418*a - 25145. Give t(-62).
771
Let w(v) = -5*v**2 - 377*v - 874. Calculate w(-73).
2
Let x(c) = -380*c**2 + 6362*c + 1637. Give x(17).
-29
Let t(q) = -22826*q + 319583. Calculate t(14).
19
Let y(q) = -66*q**2 + 3879*q + 856. Calculate y(59).
-29
Let u(d) = 150*d - 6150. What is u(46)?
750
Let p(w) = -7628*w**2 + 15227*w + 4. Determine p(2).
-54
Let v(n) = n**2 - 91409*n - 548471. Determine v(-6).
19
Let b(x) = -208*x**2 + 2120*x + 2118. Calculate b(-1).
-210
Let y(l) = -2*l**3 + 332*l**2 - 652*l - 705. What is y(164)?
-49
Let i(z) = 145383*z + 145376. Determine i(-1).
-7
Let t(g) = g**3 - 9*g**2 + 36*g + 156. Calculate t(-6).
-600
Let u(z) = -810*z**2 + 202499*z + 261. What is u(250)?
11
Let h(k) = 953055*k + 8577482. Calculate h(-9).
-13
Let k(o) = 2902*o + 153752. Calculate k(-53).
-54
Let j(l) = -2*l**3 + 286*l**2 - 313*l - 35380. Give j(141).
11
Let r(l) = -l**3 - 333*l**2 - 24429*l - 2975. Calculate r(-224).
-63
Let c(n) = 3283*n - 433352. Calculate c(132).
4
Let s(z) = 12*z**3 + 1341*z**2 - 334*z + 148. Determine s(-112).
-76
Let l(h) = -82928*h - 2404888. Give l(-29).
24
Let b(f) = -f**3 - 117*f**2 - 340*f - 1148. What is b(-114)?
-1376
Let k(v) = 4903*v - 3343849. Calculate k(682).
-3
Let y(o) = -29481*o + 176898. What is y(6)?
12
Let v(d) = -76*d**2 - 12847*d - 511. Determine v(-169).
-4
Let q(a) = -a**3 + 213*a**2 + 851*a + 1879. Determine q(217).
-1810
Let l(d) = 90*d**2 + 1430*d - 7171. Calculate l(4).
-11
Let p(t) = -t**3 - 20*t**2 + 635*t - 1407. What is p(-38)?
455
Let l(q) = -2*q**3 + 45*q**2 - 247*q + 24. Calculate l(12).
84
Let m(v) = 18838*v - 132844. Determine m(7).
-978
Let k(y) = y**3 + 3*y**2 - 112*y + 225. What is k(6)?
-123
Let o(z) = 1063*z - 223307. What is o(210)?
-77
Let q(o) = -82104*o - 328407. Determine q(-4).
9
Let l(b) = -b**3 + 329*b**2 + 1331*b + 884. Calculate l(333).
551
Let a(z) = 6*z**2 - 2562*z + 25653. Calculate a(10).
633
Let r(m) = -m**3 - 120*m**2 + 79*m - 5307. Determine r(-121).
-225
Let p(h) = -3093*h + 194878. Determine p(63).
19
Let c(n) = -7*n**3 + 110*n**2 + 857*n - 13164. Determine c(16).
36
Let q(g) = g**3 - 2189*g**2 - 26421*g - 107. Calculate q(-12).
1
Let n(m) = 7901*m + 47038. Give n(-6).
-368
Let s(i) = -506*i - 18271. Determine s(-35).
-561
Let k(j) = 2763*j - 1080267. Give k(391).
66
Let p(o) = -2560*o + 53751. What is p(21)?
-9
Let p(n) = -39303*n**2 + 4480543*n - 115. Determine p(114).
-1
Let x(l) = 720*l - 3364. Give x(4).
-484
Let c(z) = 31*z - 29. Calculate c(30).
901
Let p(i) = i**3 - 85*i**2 - 253*i - 12. Determine p(-3).
-45
Let a(g) = -1042*g - 9816. Calculate a(-9).
-438
Let z(w) = 74830*w + 21401387. Calculate z(-286).
7
Let y(v) = 3*v**3 - 7*v**2 - 5237*v + 10478. Determine y(2).
0
Let w(z) = 60422*z - 17945336. Calculate w(297).
-2
Let b(i) = -i**3 + 124*i**2 + 1453*i + 3532. Give b(135).
-788
Let t(u) = 5*u**2 + 354*u + 5279. Determine t(-13).
1522
Let b(v) = 364*v - 4753. What is b(13)?
-21
Let u(i) = 34750*i - 1042527. Calculate u(30).
-27
Let t(o) = 61*o - 7702. Determine t(124).
-138
Let s(x) = -4*x**2 + 502*x - 7186. Calculate s(108).
374
Let d(f) = 7276*f + 1156887. Give d(-159).
3
Let x(l) = -8*l**2 - 294*l + 2474. What is x(8)?
-390
Let c(k) = 139*k**2 - 1195*k + 2479. Give c(5).
-21
Let f(k) = 3789*k - 102328. What is f(27)?
-25
Let z(c) = -3*c**2 + 23*c + 420. Determine z(17).
-56
Let h(x) = 15*x**2 + 355*x + 3054. Determine h(-20).
1954
Let i(c) = -181314*c - 9428336. What is i(-52)?
-8
Let i(g) = 4*g**3 + 25*g**2 - 555*g + 532. Calculate i(1).
6
Let h(y) = -9833*y + 2753246. What is h(280)?
6
Let a(u) = -189*u**3 + 7559*u**2 + 39*u + 50. Give a(40).
10
Let u(w) = 2*w**2 - 9414*w - 94343. Determine u(-10).
-3
Let d(k) = 5*k**3 - 1483*k**2 - 2095*k + 2678. Determine d(298).
-4
Let g(x) = -5*x**3 + 213*x**2 - 83*x - 223. Determine g(42).
1583
Let z(q) = q**3 + 337*q**2 + 49*q + 16539. What is z(-337)?
26
Let m(f) = -f**3 + 38*f**2 - 32*f - 3551. Determ